{"id":82,"date":"2020-07-05T22:21:34","date_gmt":"2020-07-05T22:21:34","guid":{"rendered":"http:\/\/ju-jutsu.djk-hiltrop.com\/?page_id=80"},"modified":"2021-06-16T00:54:19","modified_gmt":"2021-06-15T22:54:19","slug":"corona","status":"publish","type":"page","link":"https:\/\/djk-hiltrop.com\/ju-jutsu\/corona\/","title":{"rendered":"Corona"},"content":{"rendered":"\n<p>Mit dem Erreichen der Inzidenzstufe 1 in Bochum am 14.06.2021 ist nun wieder Kontaktsport in Innenr\u00e4umen mit bis zu 100 Personen gestattet. Da gleichzeitig f\u00fcr das Land NRW die Inzidenzstufe 1 gilt, entf\u00e4llt auch die Testpflicht.<\/p>\n\n\n\n<p>Wir bitten euch weiterhin, in der Halle auf dem Weg bis zur Matte eine medizinische Mund-Nasen Bedeckung zu tragen und bei Krankheitssymptomen lieber Zuhause zu bleiben.<\/p>\n\n\n\n<p>Um die einfache R\u00fcckverfolgbarkeit von Infektionsketten zu gew\u00e4hrleisten habt Ihr zwei M\u00f6glichkeiten: Entweder, Ihr bringt zu jedem Training eine ausgef\u00fcllte <a href=\"https:\/\/djk-hiltrop.com\/ju-jutsu\/wp-content\/uploads\/sites\/3\/2021\/06\/Teilnahmekarte.pdf\">Teilnahmekarte<\/a> mit bzw. f\u00fcllt sie vor Ort aus oder ihr f\u00fcllt einmalig ein <a href=\"https:\/\/djk-hiltrop.com\/ju-jutsu\/wp-content\/uploads\/sites\/3\/2021\/06\/Stammdatenblatt.pdf\">Stammdatenblatt<\/a> f\u00fcr die R\u00fcckverfolgung aus und m\u00fcsst euch dann bei jedem Training nur noch mit Namen in eine Liste eintragen.<\/p>\n\n\n\n<p>Hier noch ein <a href=\"http:\/\/ju-jutsu.djk-hiltrop.com\/?page_id=82\">offener Brief<\/a> von Fred Maro, dem Pr\u00e4sidenten des NWJJV.<\/p>\n","protected":false},"excerpt":{"rendered":"<p>Mit dem Erreichen der Inzidenzstufe 1 in Bochum am 14.06.2021 ist nun wieder Kontaktsport in Innenr\u00e4umen mit bis zu 100 Personen gestattet. Da gleichzeitig f\u00fcr das Land NRW die Inzidenzstufe 1 gilt, entf\u00e4llt auch die Testpflicht. Wir bitten euch weiterhin, in der Halle auf dem Weg bis zur Matte eine[&#8230;]<\/p>\n<p> <a class=\"continue-reading-link\" href=\"https:\/\/djk-hiltrop.com\/ju-jutsu\/corona\/\"><span>Weiterlesen<\/span><i class=\"crycon-right-dir\"><\/i><\/a> <\/p>\n","protected":false},"author":3,"featured_media":0,"parent":0,"menu_order":3,"comment_status":"closed","ping_status":"closed","template":"","meta":{"footnotes":""},"class_list":["post-82","page","type-page","status-publish","hentry"],"_links":{"self":[{"href":"https:\/\/djk-hiltrop.com\/ju-jutsu\/wp-json\/wp\/v2\/pages\/82","targetHints":{"allow":["GET"]}}],"collection":[{"href":"https:\/\/djk-hiltrop.com\/ju-jutsu\/wp-json\/wp\/v2\/pages"}],"about":[{"href":"https:\/\/djk-hiltrop.com\/ju-jutsu\/wp-json\/wp\/v2\/types\/page"}],"author":[{"embeddable":true,"href":"https:\/\/djk-hiltrop.com\/ju-jutsu\/wp-json\/wp\/v2\/users\/3"}],"replies":[{"embeddable":true,"href":"https:\/\/djk-hiltrop.com\/ju-jutsu\/wp-json\/wp\/v2\/comments?post=82"}],"version-history":[{"count":2,"href":"https:\/\/djk-hiltrop.com\/ju-jutsu\/wp-json\/wp\/v2\/pages\/82\/revisions"}],"predecessor-version":[{"id":179,"href":"https:\/\/djk-hiltrop.com\/ju-jutsu\/wp-json\/wp\/v2\/pages\/82\/revisions\/179"}],"wp:attachment":[{"href":"https:\/\/djk-hiltrop.com\/ju-jutsu\/wp-json\/wp\/v2\/media?parent=82"}],"curies":[{"name":"wp","href":"https:\/\/api.w.org\/{rel}","templated":true}]}}