{"id":59,"date":"2020-07-05T16:27:59","date_gmt":"2020-07-05T14:27:59","guid":{"rendered":"http:\/\/ju-jutsu.djk-hiltrop.com\/?page_id=59"},"modified":"2022-06-06T20:37:44","modified_gmt":"2022-06-06T18:37:44","slug":"downloads","status":"publish","type":"page","link":"https:\/\/djk-hiltrop.com\/ju-jutsu\/downloads\/","title":{"rendered":"Downloads"},"content":{"rendered":"\n<h4 class=\"wp-block-heading\">Flyer<\/h4>\n\n\n\n<div class=\"wp-block-file\"><a id=\"wp-block-file--media-133cfaa1-ee64-4ee2-8b9e-161d37257d6c\" href=\"https:\/\/djk-hiltrop.com\/ju-jutsu\/wp-content\/uploads\/sites\/3\/2020\/08\/flyer.png\">Flyer<\/a><a href=\"https:\/\/djk-hiltrop.com\/ju-jutsu\/wp-content\/uploads\/sites\/3\/2020\/08\/flyer.png\" class=\"wp-block-file__button\" download aria-describedby=\"wp-block-file--media-133cfaa1-ee64-4ee2-8b9e-161d37257d6c\">Herunterladen<\/a><\/div>\n\n\n\n<h4 class=\"wp-block-heading\">Anmeldeformular<\/h4>\n\n\n\n<div class=\"wp-block-file\"><a href=\"https:\/\/djk-hiltrop.com\/fef52e52-685d-4c73-ab60-9ced75cb390f\" class=\"wp-block-file__button\" download aria-describedby=\"wp-block-file--media-be791037-52a9-45fb-8bd9-a35ad927e32a\">Herunterladen<\/a><\/div>\n\n\n\n<h4 class=\"wp-block-heading\">Pr\u00fcfungsf\u00e4cher Kyu Pr\u00fcfungen<\/h4>\n\n\n\n<p>Pr\u00fcfungsprogramme zum Ausdrucken und Ausf\u00fcllen<\/p>\n\n\n\n<figure class=\"wp-block-image is-resized is-style-default\"><img fetchpriority=\"high\" decoding=\"async\" src=\"https:\/\/djk-hiltrop.com\/ju-jutsu\/wp-content\/uploads\/sites\/3\/2021\/10\/blaugurt_klein.jpg\" alt=\"\" class=\"wp-image-245\" width=\"400\" height=\"268\" srcset=\"https:\/\/djk-hiltrop.com\/ju-jutsu\/wp-content\/uploads\/sites\/3\/2021\/10\/blaugurt_klein.jpg 800w, https:\/\/djk-hiltrop.com\/ju-jutsu\/wp-content\/uploads\/sites\/3\/2021\/10\/blaugurt_klein-300x201.jpg 300w, https:\/\/djk-hiltrop.com\/ju-jutsu\/wp-content\/uploads\/sites\/3\/2021\/10\/blaugurt_klein-768x514.jpg 768w, https:\/\/djk-hiltrop.com\/ju-jutsu\/wp-content\/uploads\/sites\/3\/2021\/10\/blaugurt_klein-150x100.jpg 150w\" sizes=\"(max-width: 400px) 100vw, 400px\" \/><\/figure>\n\n\n\n<div class=\"wp-block-file\"><a id=\"wp-block-file--media-35d57898-b0d7-4dd0-a4ba-50e971e73e72\" href=\"https:\/\/djk-hiltrop.com\/ju-jutsu\/wp-content\/uploads\/sites\/3\/2021\/10\/JuJutsu_5Kyu_gelb.pdf\">5. Kyu: Gelbgurt<\/a><a href=\"https:\/\/djk-hiltrop.com\/ju-jutsu\/wp-content\/uploads\/sites\/3\/2021\/10\/JuJutsu_5Kyu_gelb.pdf\" class=\"wp-block-file__button\" download aria-describedby=\"wp-block-file--media-35d57898-b0d7-4dd0-a4ba-50e971e73e72\">Herunterladen<\/a><\/div>\n\n\n\n<div class=\"wp-block-file\"><a id=\"wp-block-file--media-550d424a-d11a-4cc5-9e69-59f3e30b6d21\" href=\"https:\/\/djk-hiltrop.com\/ju-jutsu\/wp-content\/uploads\/sites\/3\/2022\/06\/JuJutsu_4Kyu_orange.pdf\">4. Kyu: Orangegurt<\/a><a href=\"https:\/\/djk-hiltrop.com\/ju-jutsu\/wp-content\/uploads\/sites\/3\/2022\/06\/JuJutsu_4Kyu_orange.pdf\" class=\"wp-block-file__button\" download aria-describedby=\"wp-block-file--media-550d424a-d11a-4cc5-9e69-59f3e30b6d21\">Herunterladen<\/a><\/div>\n\n\n\n<div class=\"wp-block-file\"><a id=\"wp-block-file--media-764d35eb-de68-4594-84e0-995557e5dd15\" href=\"https:\/\/djk-hiltrop.com\/ju-jutsu\/wp-content\/uploads\/sites\/3\/2021\/10\/JuJutsu_3Kyu_gruen.pdf\">3. Kyu: Gr\u00fcngurt<\/a><a href=\"https:\/\/djk-hiltrop.com\/ju-jutsu\/wp-content\/uploads\/sites\/3\/2021\/10\/JuJutsu_3Kyu_gruen.pdf\" class=\"wp-block-file__button\" download aria-describedby=\"wp-block-file--media-764d35eb-de68-4594-84e0-995557e5dd15\">Herunterladen<\/a><\/div>\n\n\n\n<div class=\"wp-block-file\"><a id=\"wp-block-file--media-a33d1a33-b889-4e1a-a6dd-77a18ec5fc54\" href=\"https:\/\/djk-hiltrop.com\/ju-jutsu\/wp-content\/uploads\/sites\/3\/2021\/10\/JuJutsu_2Kyu_blau.pdf\">2. Kyu: Blaugurt<\/a><a href=\"https:\/\/djk-hiltrop.com\/ju-jutsu\/wp-content\/uploads\/sites\/3\/2021\/10\/JuJutsu_2Kyu_blau.pdf\" class=\"wp-block-file__button\" download aria-describedby=\"wp-block-file--media-a33d1a33-b889-4e1a-a6dd-77a18ec5fc54\">Herunterladen<\/a><\/div>\n\n\n\n<div class=\"wp-block-file\"><a id=\"wp-block-file--media-a048a24c-bf61-4620-b893-fc3d82fd6867\" href=\"https:\/\/djk-hiltrop.com\/ju-jutsu\/wp-content\/uploads\/sites\/3\/2021\/10\/JuJutsu_1Kyu_braun.pdf\">1. Kyu: Braungurt<\/a><a href=\"https:\/\/djk-hiltrop.com\/ju-jutsu\/wp-content\/uploads\/sites\/3\/2021\/10\/JuJutsu_1Kyu_braun.pdf\" class=\"wp-block-file__button\" download aria-describedby=\"wp-block-file--media-a048a24c-bf61-4620-b893-fc3d82fd6867\">Herunterladen<\/a><\/div>\n","protected":false},"excerpt":{"rendered":"<p>Flyer Anmeldeformular Pr\u00fcfungsf\u00e4cher Kyu Pr\u00fcfungen Pr\u00fcfungsprogramme zum Ausdrucken und Ausf\u00fcllen<\/p>\n<p> <a class=\"continue-reading-link\" href=\"https:\/\/djk-hiltrop.com\/ju-jutsu\/downloads\/\"><span>Weiterlesen<\/span><i class=\"crycon-right-dir\"><\/i><\/a> <\/p>\n","protected":false},"author":3,"featured_media":0,"parent":0,"menu_order":5,"comment_status":"closed","ping_status":"closed","template":"","meta":{"footnotes":""},"class_list":["post-59","page","type-page","status-publish","hentry"],"_links":{"self":[{"href":"https:\/\/djk-hiltrop.com\/ju-jutsu\/wp-json\/wp\/v2\/pages\/59","targetHints":{"allow":["GET"]}}],"collection":[{"href":"https:\/\/djk-hiltrop.com\/ju-jutsu\/wp-json\/wp\/v2\/pages"}],"about":[{"href":"https:\/\/djk-hiltrop.com\/ju-jutsu\/wp-json\/wp\/v2\/types\/page"}],"author":[{"embeddable":true,"href":"https:\/\/djk-hiltrop.com\/ju-jutsu\/wp-json\/wp\/v2\/users\/3"}],"replies":[{"embeddable":true,"href":"https:\/\/djk-hiltrop.com\/ju-jutsu\/wp-json\/wp\/v2\/comments?post=59"}],"version-history":[{"count":20,"href":"https:\/\/djk-hiltrop.com\/ju-jutsu\/wp-json\/wp\/v2\/pages\/59\/revisions"}],"predecessor-version":[{"id":282,"href":"https:\/\/djk-hiltrop.com\/ju-jutsu\/wp-json\/wp\/v2\/pages\/59\/revisions\/282"}],"wp:attachment":[{"href":"https:\/\/djk-hiltrop.com\/ju-jutsu\/wp-json\/wp\/v2\/media?parent=59"}],"curies":[{"name":"wp","href":"https:\/\/api.w.org\/{rel}","templated":true}]}}